at is 2 - -101?
103
In base 14, what is 5 - -622?
627
In base 8, what is 60 + 1?
61
In base 8, what is -10 - 172?
-202
In base 14, what is 4 + d8?
dc
In base 5, what is 2433 + 141?
3124
In base 11, what is -5179 + 2?
-5177
In base 9, what is -5 - -720?
714
In base 10, what is 3 - 448?
-445
In base 16, what is 34 + -2a?
a
In base 15, what is -13 - -6?
-c
In base 5, what is 4012 - 3?
4004
In base 3, what is 101210100 + 12?
101210112
In base 16, what is 14b - 3?
148
In base 3, what is 2 - -211?
220
In base 15, what is -3a8 - 0?
-3a8
In base 10, what is -2 + -80?
-82
In base 11, what is -2147 - -4?
-2143
In base 16, what is -1 + -1f?
-20
In base 14, what is 2c + -1?
2b
In base 8, what is -20 - -2216?
2176
In base 9, what is 5 - -1874?
1880
In base 9, what is -3 - 123?
-126
In base 10, what is 1614 - 4?
1610
In base 10, what is -49 - 20?
-69
In base 4, what is 20330 - 112?
20212
In base 15, what is 1 - -71?
72
In base 10, what is 3 - -81?
84
In base 8, what is -1 + 170?
167
In base 14, what is -3 + 742?
73d
In base 14, what is -3 + 38?
35
In base 16, what is -b9 + -3?
-bc
In base 7, what is -21 - -11?
-10
In base 2, what is 100 + 1111?
10011
In base 7, what is 3 + -445?
-442
In base 15, what is 0 + 20c?
20c
In base 5, what is 214 - -10?
224
In base 15, what is d - 4?
9
In base 7, what is 10535 - -1?
10536
In base 16, what is 0 - 4?
-4
In base 12, what is -24 - 3?
-27
In base 13, what is -1 - 80?
-81
In base 12, what is 74 + -4?
70
In base 7, what is 6243 + -2?
6241
In base 5, what is 23 + 1131?
1204
In base 6, what is -4 - -3121?
3113
In base 5, what is 1 + -110414?
-110413
In base 5, what is 22333 - -10?
22343
In base 2, what is -100000 - -11?
-11101
In base 9, what is -61 - 0?
-61
In base 16, what is 5 - -b?
10
In base 11, what is 8 + 225?
232
In base 9, what is -105 - 31?
-136
In base 11, what is -650 + -3?
-653
In base 4, what is 23 + 2200?
2223
In base 11, what is 2a5 - 2?
2a3
In base 16, what is 21 + 2?
23
In base 16, what is -9b + 12?
-89
In base 2, what is -1010001 - 10001?
-1100010
In base 6, what is 0 + -35?
-35
In base 3, what is -10 + 112200?
112120
In base 15, what is 9 - -59?
63
In base 14, what is -2d9 - 14?
-30d
In base 6, what is -1 - 25?
-30
In base 5, what is 4 + 3?
12
In base 5, what is -104344 - 2?
-104401
In base 6, what is -11122 + 4?
-11114
In base 4, what is -10102 + 2?
-10100
In base 8, what is 22 + 104?
126
In base 11, what is -2a + 8?
-22
In base 6, what is -134 - -23?
-111
In base 3, what is -21 + 22200?
22102
In base 16, what is 2 - -24?
26
In base 4, what is -11 + 233?
222
In base 3, what is 12100112 + -2?
12100110
In base 12, what is -53b + 6?
-535
In base 4, what is -20 - 133?
-213
In base 16, what is -dac5 + 1?
-dac4
In base 16, what is -e4 + 5?
-df
In base 14, what is -18 + -2?
-1a
In base 14, what is -2 + 96?
94
In base 5, what is -143401 + -10?
-143411
In base 2, what is -1001001011 - -1?
-1001001010
In base 11, what is 1 + 81?
82
In base 15, what is -146 + -2?
-148
In base 2, what is -11111 - 1001110101?
-1010010100
In base 10, what is -24 + 153?
129
In base 2, what is -110 - -1110?
1000
In base 2, what is 100101111 - 1101?
100100010
In base 5, what is 0 + -1212?
-1212
In base 10, what is -73 + 33?
-40
In base 12, what is 130 + -3?
129
In base 12, what is -236 + 1b?
-217
In base 10, what is -1551 - 1?
-1552
In base 16, what is -3 + -23?
-26
In base 13, what is -1 + 42?
41
In base 9, what is -7651 - 5?
-7656
In base 3, what is 0 + 200200?
200200
In base 6, what is 3 - -440?
443
In base 3, what is -2021 - -110?
-1211
In base 14, what is 2 + 633?
635
In base 2, what is 10 - 10001010?
-10001000
In base 9, what is -13 - -17?
4
In base 10, what is -7 - 29?
-36
In base 10, what is 1 - 35?
-34
In base 11, what is -6 - -39?
33
In base 3, what is -10 - 11021122?
-11021202
In base 10, what is 3 - -110?
113
In base 14, what is -1c3 + -7?
-1ca
In base 6, what is 5554 + -2?
5552
In base 3, what is -12 + 12?
0
In base 6, what is 24221 + -5?
24212
In base 16, what is -29 - be?
-e7
In base 12, what is -3 - 9?
-10
In base 11, what is -98 - 6?
-a3
In base 16, what is 3 + 27?
2a
In base 4, what is 23 + 112?
201
In base 8, what is 372 - -2?
374
In base 3, what is -22101 - -12?
-22012
In base 2, what is -10 + -101111011?
-101111101
In base 15, what is -4 - 76?
-7a
In base 5, what is -2421 - -2?
-2414
In base 10, what is -123 - 2?
-125
In base 15, what is -33c + 10?
-32c
In base 8, what is -211 + 1?
-210
In base 9, what is -14080 - 1?
-14081
In base 14, what is -7c2 - -5?
-7bb
In base 15, what is 1a3 - 4?
19e
In base 9, what is 11 - 5?
5
In base 14, what is 2 + -1297?
-1295
In base 10, what is -4 + 55?
51
In base 2, what is -110 + 11110?
11000
In base 6, what is -24 + -1?
-25
In base 12, what is -2 - -186?
184
In base 6, what is -113 - -5?
-104
In base 10, what is 3 - 260?
-257
In base 15, what is -78 - 4?
-7c
In base 3, what is -100 + -1220?
-2020
In base 7, what is 6066 + 5?
6104
In base 14, what is 223 + 15?
238
In base 4, what is 203033 + -11?
203022
In base 9, what is 2 - -308?
311
In base 6, what is 51 + -10?
41
In base 15, what is -120 - -3?
-11c
In base 9, what is 42416 - 1?
42415
In base 14, what is -9 + -6c?
-77
In base 4, what is 23101 + 11?
23112
In base 5, what is -4413 + 1?
-4412
In base 3, what is 122111110 + 12?
122111122
In base 3, what is 10000 - 1222?
1001
In base 2, what is 111 - 110010?
-101011
In base 11, what is 1437 + -5?
1432
In base 2, what is 10 - 10011?
-10001
In base 6, what is 330 + -10?
320
In base 12, what is 5 - 55?
-50
In base 4, what is -2130 - 311?
-3101
In base 2, what is -1 + 1011110100010?
1011110100001
In base 5, what is 332 - 3?
324
In base 7, what is -1 + 33?
32
In base 14, what is 41b + -4?
417
In base 7, what is 6 + 135?
144
In base 2, what is 1101110 + -101111?
111111
In base 14, what is 1c2 + -2?
1c0
In base 14, what is -7 + -3?
-a
In base 5, what is -21 + -114?
-140
In base 13, what is 26 - 12?
14
In base 3, what is 112 - -2?
121
In base 13, what is a90 + -1?
a8c
In base 5, what is -1 - -12?
11
In base 12, what is 5 - 301?
-2b8
In base 7, what is -25 + -21?
-46
In base 12, what is -12 + -4?
-16
In base 3, what is 10022021 - -12?
10022110
In base 13, what is 4 + 74?
78
In base 12, what is -68 - 8?
-74
In base 13, what is 42 - -49?
8b
In base 15, what is -2686 + -4?
-268a
In base 12, what is 1 + -72?
-71
In base 9, what is 3076 - -4?
3081
In base 4, what is -2 + -321?
-323
In base 15, what is 2 - -c5?
c7
In base 6, what is -12 + 21?
5
In base 5, what is -12 - -2440?
2423
In base 12, what is -33 + -4?
-37
In base 3, what is -10012212 + -2?
-10012221
In base 14, what is -47 - 12?
-59
In base 11, what is -37637 - -4?
-37633
In base 6, what is 20 + -35?
-15
In base 7, what is 115 + 5?
123
In base 10, what is 2 - 215?
-213
In base 10, what is 80 - 3?
77
In base 10, what is 2313 + -2?
2311
In base 14, what is 3 - 71a?
-717
In base 16, what is -1c - 2e?
-4a
In base 14, what is 440 + 2?
442
In base 12, what is -b + 262?
253
In base 9, what is -1158 + -1?
-1160
In base 6, what is 2 - 522?
-520
In base 12, what is -5 + -30ba?
-3103
In base 13, what is -13a4 + -3?
-13a7
In base 15, what is -1 - 11?
-12
In base 2, what is 101000 + 10011?
111011
In base 14, what is 18a - c?
17c
In base 7, what is -2 + -42?
-44
In base 16, what is -4d - -25?
-28
In base 3, what is -100012 - 0?
-100012
In base 8, what is 0 - -110?
110
In base 7, what is -4 - -121?
114
In base 10, what is -15025 + 2?
-15023
In base 16, what is -5 + 196?
191
In base 11, what is 32 - 59?
-27
In base 16, what is 65 - 3?
62
In base 15, what is 31 + -3a?
-9
In base 8, what is 7 - 1172?
-1163
In base 14, what is c + 33?
41
In base 7, what is 140643 + -2?
140641
In base 7, what is -20 + -155?
-205
In base 8, what is -1 + -24?
-25
In base 13, what is 4a0 - 5?
498
In base 7, what is -31 + 23?
-5
In base 5, what is -20031 - 40?
-20121
In base 6, what is 5 - 1053?
-1044
In base 10, what is 3 + -2802?
-2799
In base 4, what is 11 + 3222?
3233
In base 8, what is -14 + 455?
441
In base 12, what is 0 + -a3?
-a3
In base 2, what is 10100 - -11?
10111
In base 5, what is 20411 - -4?
20420
In base 13, what is -48 + 38?
-10
In base 2, what is -11101 - 1111?
-101100
In base 13, what is -2 + -163?
-165
In base 16, what is -409 + -e?
-417
In base 2, what is 